{"id":25066,"date":"2019-08-09T20:34:48","date_gmt":"2019-08-09T20:34:48","guid":{"rendered":"https:\/\/lta.com.mx\/?page_id=25066"},"modified":"2024-05-02T16:24:56","modified_gmt":"2024-05-02T16:24:56","slug":"automatizacion-de-sistemas-productivos","status":"publish","type":"page","link":"https:\/\/lta.com.mx\/?page_id=25066","title":{"rendered":"Automatizaci\u00f3n de Sistemas Productivos"},"content":{"rendered":"<div class=\"wpb-content-wrapper\"><div id=\"vc_row-69e32151c385b\" class=\"vc_row wpb_row vc_row-fluid thegem-custom-69e32151c38456463\"><div class=\"wpb_column vc_column_container vc_col-sm-12 thegem-custom-69e32151c3a19525\" ><div class=\"vc_column-inner thegem-custom-inner-69e32151c3a1a \"><div class=\"wpb_wrapper thegem-custom-69e32151c3a19525\"><div class=\"vc_empty_space\"   style=\"height: 32px\"><span class=\"vc_empty_space_inner\"><\/span><\/div><\/div><\/div><\/div><\/div><div id=\"vc_row-69e32151c3ca9\" class=\"vc_row wpb_row vc_row-fluid thegem-custom-69e32151c3ca1707\"><div class=\"wpb_column vc_column_container vc_col-sm-12 vc_col-lg-8 vc_col-md-8 vc_col-xs-12 thegem-custom-69e32151c3daf6076\" ><div class=\"vc_column-inner thegem-custom-inner-69e32151c3db0 \"><div class=\"wpb_wrapper thegem-custom-69e32151c3daf6076\"><div class=\"vc_row wpb_row vc_inner vc_row-fluid thegem-custom-69e32151c3f3a1080 custom-inner-column-69e32151c3f40\" ><div class=\"wpb_column vc_column_container vc_col-sm-6 thegem-custom-69e32151c40c01676\"><div class=\"vc_column-inner thegem-custom-inner-69e32151c40c1 \"><div class=\"wpb_wrapper thegem-custom-69e32151c40c01676\">\r\n\t\r\n\t<div  class=\"wpb_single_image wpb_content_element vc_align_left\" >\r\n\t\t\r\n\t\t<figure class=\"wpb_wrapper vc_figure\">\r\n\t\t\t<div class=\"vc_single_image-wrapper   vc_box_border_grey\"><img width=\"945\" height=\"645\" src=\"https:\/\/lta.com.mx\/wp-content\/uploads\/2019\/05\/IMG_SERVICIO_02.jpg\" class=\"vc_single_image-img attachment-large\" alt=\"\" title=\"IMG_SERVICIO_02\" srcset=\"https:\/\/lta.com.mx\/wp-content\/uploads\/2019\/05\/IMG_SERVICIO_02.jpg 945w, https:\/\/lta.com.mx\/wp-content\/uploads\/2019\/05\/IMG_SERVICIO_02-300x205.jpg 300w, https:\/\/lta.com.mx\/wp-content\/uploads\/2019\/05\/IMG_SERVICIO_02-768x524.jpg 768w\" sizes=\"(max-width: 945px) 100vw, 945px\" \/><\/div>\r\n\t\t<\/figure>\r\n\t<\/div>\r\n\t\r\n<\/div><\/div><\/div><div class=\"wpb_column vc_column_container vc_col-sm-6 thegem-custom-69e32151c4a843379\"><div class=\"vc_column-inner thegem-custom-inner-69e32151c4a87 \"><div class=\"wpb_wrapper thegem-custom-69e32151c4a843379\"><div class=\"clearboth\"><\/div><style>#thegem-divider-69e32151c4b22 {margin-top: -8px !important;}<\/style><div id=\"thegem-divider-69e32151c4b22\" class=\"gem-divider  \" style=\"\" ><\/div>\r\n\t\r\n\t\t<div class=\"wpb_text_column wpb_content_element  thegem-vc-text thegem-custom-69e32151c4c138040\"  >\r\n\t\t\t<div class=\"wpb_wrapper\">\r\n\t\t\t\t<p>Ofrecemos los servicios de automatizaci\u00f3n de forma integral en las distintas fases de los proyectos como lo son: Puesta en marcha virtual, Puesta en marcha en sitio, consultor\u00eda y optimizaci\u00f3n, soporte t\u00e9cnico y capacitaci\u00f3n a trav\u00e9s de metodolog\u00edas \u00fanicas y garantizadas que salvaguardan la integridad de los equipos. Tenemos la capacidad de:<\/p>\n\r\n\t\t\t<\/div>\r\n\t\t\t<style>@media screen and (max-width: 1023px) {.thegem-vc-text.thegem-custom-69e32151c4c138040{display: block!important;}}@media screen and (max-width: 767px) {.thegem-vc-text.thegem-custom-69e32151c4c138040{display: block!important;}}@media screen and (max-width: 1023px) {.thegem-vc-text.thegem-custom-69e32151c4c138040{position: relative !important;}}@media screen and (max-width: 767px) {.thegem-vc-text.thegem-custom-69e32151c4c138040{position: relative !important;}}<\/style>\r\n\t\t<\/div>\r\n\t\r\n<\/div><\/div><\/div><\/div><div class=\"gem-list\" ><ul>\n<li>\u00a0Desarrollar proyectos Multi-est\u00e1ndar (est\u00e1ndar europeo, americano).<\/li>\n<li>Ejecutar proyectos en contrataci\u00f3n por hora o llave en mano.<\/li>\n<li>Desarrollar est\u00e1ndares para aplicaciones especiales.<\/li>\n<\/ul>\n<\/div><\/div><\/div><\/div><div class=\"widget wpb_column vc_column_container vc_col-sm-12 vc_col-lg-4 vc_col-md-4 vc_col-xs-12 thegem-custom-69e32151c4dc68258\" ><div class=\"vc_column-inner thegem-custom-inner-69e32151c4dc8 \"><div class=\"wpb_wrapper thegem-custom-69e32151c4dc68258\"><div class=\"vc_tta-container\" data-vc-action=\"collapse\"><div class=\"vc_general vc_tta vc_tta-accordion vc_tta-color-white vc_tta-style-outline vc_tta-shape-square vc_tta-spacing-3 vc_tta-controls-align-default vc_custom_1590615574475\" ><div class=\"vc_tta-panels-container\"><div class=\"vc_tta-panels\"><div class=\"vc_tta-panel vc_active\" id=\"1456310633072-d1c76f4a-d2b05fbe-5469\" data-vc-content=\".vc_tta-panel-body\"><div class=\"vc_tta-panel-heading\"><h4 class=\"vc_tta-panel-title vc_tta-controls-icon-position-left\"><a href=\"#1456310633072-d1c76f4a-d2b05fbe-5469\" data-vc-accordion data-vc-container=\".vc_tta-container\"><span class=\"vc_tta-title-text\">Beneficios:<\/span><i class=\"vc_tta-controls-icon vc_tta-controls-icon-chevron\"><\/i><\/a><\/h4><\/div><div class=\"vc_tta-panel-body\"><div class=\"gem-list gem-list-type-star gem-list-color-5\" ><ul>\n<li><span style=\"color: #ffffff;\">Cumplimiento de tiempos de implementaci\u00f3n y presupuestos.<\/span><\/li>\n<li><span style=\"color: #ffffff;\">Cero colisiones en puesta en marcha.<\/span><\/li>\n<li><span style=\"color: #ffffff;\">Aumento del volumen de producci\u00f3n en \u00e1reas optimizadas.<\/span><\/li>\n<li><span style=\"color: #ffffff;\">Ahorros en consumo de energ\u00edas (agua, electricidad, aire).<\/span><\/li>\n<li><span style=\"color: #ffffff;\">Aumento en la disponibilidad t\u00e9cnica de las instalaciones optimizadas.<\/span><\/li>\n<li><span style=\"color: #ffffff;\">Anulaci\u00f3n y\/o disminuci\u00f3n de retrabajos.<\/span><\/li>\n<li><span style=\"color: #ffffff;\">Disminuci\u00f3n en gasto de consumibles y refacciones.<\/span><\/li>\n<\/ul>\n<\/div><\/div><\/div><\/div><\/div><\/div><\/div><\/div><\/div><\/div><\/div>\n<\/div>","protected":false},"excerpt":{"rendered":"","protected":false},"author":1,"featured_media":0,"parent":0,"menu_order":0,"comment_status":"closed","ping_status":"closed","template":"","meta":{"footnotes":""},"class_list":["post-25066","page","type-page","status-publish"],"_links":{"self":[{"href":"https:\/\/lta.com.mx\/index.php?rest_route=\/wp\/v2\/pages\/25066","targetHints":{"allow":["GET"]}}],"collection":[{"href":"https:\/\/lta.com.mx\/index.php?rest_route=\/wp\/v2\/pages"}],"about":[{"href":"https:\/\/lta.com.mx\/index.php?rest_route=\/wp\/v2\/types\/page"}],"author":[{"embeddable":true,"href":"https:\/\/lta.com.mx\/index.php?rest_route=\/wp\/v2\/users\/1"}],"replies":[{"embeddable":true,"href":"https:\/\/lta.com.mx\/index.php?rest_route=%2Fwp%2Fv2%2Fcomments&post=25066"}],"version-history":[{"count":40,"href":"https:\/\/lta.com.mx\/index.php?rest_route=\/wp\/v2\/pages\/25066\/revisions"}],"predecessor-version":[{"id":25832,"href":"https:\/\/lta.com.mx\/index.php?rest_route=\/wp\/v2\/pages\/25066\/revisions\/25832"}],"wp:attachment":[{"href":"https:\/\/lta.com.mx\/index.php?rest_route=%2Fwp%2Fv2%2Fmedia&parent=25066"}],"curies":[{"name":"wp","href":"https:\/\/api.w.org\/{rel}","templated":true}]}}